 of n(l)?
8
Let l(s) = -4*s - 13. Let d(m) = 12*m + 38. Let k(j) = -3*d(j) - 8*l(j). Let t(y) = -9*y**2 - y + 1. Let a be t(1). What is the units digit of k(a)?
6
Let f(b) = 3*b + 2. Let i be f(-5). Let l(g) = g**3 + 14*g**2 + 9*g - 16. What is the units digit of l(i)?
6
Let h be (10/5 - -2) + 0. Let j(a) = -a**3 + 10*a**2 - 7*a + 4. What is the units digit of j(h)?
2
Let g = 30 + -29. Let v(x) = 111*x + 2. What is the units digit of v(g)?
3
Let y(i) = -36*i + 15*i + 22*i - 8. What is the units digit of y(9)?
1
Suppose 0 = -3*u + 18 + 18. Suppose -2619 = -u*h - 531. What is the units digit of h?
4
Let d be (-5)/((-6)/(-4) - 2). Let k(b) = -b**2 + 11*b - 10. Let u be k(d). Suppose 5*v + l - 105 = 0, -3*v + 0*v + l + 63 = u. What is the units digit of v?
1
Let v(l) = -l + 7. Let a be v(-5). Suppose -4*x - 4*b = -a, 0 = x + b - 3*b. Suppose 0 - 6 = -x*o. What is the units digit of o?
3
Let h(t) = 44*t**3 - t**2 - 5*t - 4. Let n be h(-1). What is the units digit of -4 - (3 - n/(-8))*60?
6
Suppose -2*q + 2*w = -6526, 2*w = w - 1. What is the units digit of q?
2
Let d = -678 + 1275. Suppose 5*l = -212 + d. What is the tens digit of l?
7
Let t(o) = o**3 - 17*o**2 - 37*o + 46. What is the tens digit of t(19)?
6
Suppose 3*n = -5*o - 4 - 59, 3*o + 5*n = -25. Let m(k) = -k**2 - 16*k + 1. What is the tens digit of m(o)?
1
Let j(k) = 121*k**2 - 6*k - 14. What is the thousands digit of j(6)?
4
What is the tens digit of 3/(-7) + (-3010)/(-49) + 4?
6
Let m(t) = 2*t - 22. Let c be m(0). Let w = -31 - c. What is the tens digit of 4/((-12)/w) + 11?
1
Let d(b) be the second derivative of b**3/3 - 2*b**2 - 4*b. Let v be d(-3). Let n = v - -26. What is the tens digit of n?
1
Let q = 57 - 38. Let r = q - -10. What is the tens digit of r?
2
Let y = 378 - 199. Let s = 327 - y. What is the units digit of s?
8
Let l(y) = 4*y**3 - 12*y**2 + 28*y - 25. What is the units digit of l(9)?
1
Suppose 3*u = -3*g + 2643, g - 307 = 2*u + 583. What is the hundreds digit of g?
8
Let o(f) = 12*f**2 - 13*f + 27. What is the tens digit of o(7)?
2
Suppose 3*r + 27 = -2*p, 0 = -5*p - 3*r - 2*r - 75. Let i = -16 - p. Suppose j + 2*x + 12 = 2*j, j + 3*x = i. What is the units digit of j?
8
Let l(z) = z**3 - 2*z**2 - 7*z. Let q be l(5). Let r = q + -91. What is the tens digit of 4 + (3 - (r + 2))?
5
Let p(o) = -2*o - 14. Let r be p(11). Let d be r/(-54)*3/2. What is the units digit of 5 + d + (1 - 0)?
7
Suppose -5*f + 10 = 0, -7*z + 8*z = 3*f + 1404. What is the units digit of z?
0
Suppose v - 3*g + 8*g + 13 = 0, 0 = -5*v - 5*g - 5. Suppose -3*a + v*j + 2*j = -72, j + 63 = 3*a. What is the units digit of a?
0
Let o(g) = g - 4. Let m be o(-17). Let i = 26 + m. What is the units digit of i?
5
Suppose 4*v + 2*z = -4845 + 20599, v = z + 3946. What is the hundreds digit of v?
9
Suppose 0*g + 18 = g. Let f(v) = -v**3 + 8*v**2 - v + 8. Let a be f(8). Suppose g = l + 3*w - w, 4*l + 4*w - 60 = a. What is the tens digit of l?
1
Let c(j) = j**2 - 12*j + 14. Let q be c(11). Suppose 2*b = q*f - 2*f - 76, f = b + 80. What is the units digit of f?
4
Let s = -2820 - -5892. What is the tens digit of s/36 - (-8)/(-6)?
8
Let h(g) = -4 - g**3 + 2*g**2 + 139*g - 141*g + 5. Let m be h(1). Suppose -4*q = m, d + 2*q + 2*q = 29. What is the units digit of d?
9
What is the units digit of (-72)/(-132)*129206/21?
6
Suppose 0 = -4*h + 181 + 667. Let u(a) = -a + 44. Let c be u(0). What is the units digit of (-4)/(-22) + h/c?
5
Let f(s) = -s**3 + 3*s**2 - 2*s + 5. Let p be f(3). What is the tens digit of (-85)/10*(p - 1)?
1
What is the tens digit of ((-137)/411)/((-1)/3507)?
6
Let l(t) be the third derivative of -t**5/60 - 23*t**4/24 + t**3/6 - 12*t**2. What is the tens digit of l(-14)?
2
Suppose -o - 3 + 5 = 0. Let g(a) = 4*a**o + 2*a - a**2 + 1 + 4*a. What is the units digit of g(-4)?
5
Let i = 2279 - 1589. What is the hundreds digit of i?
6
Suppose 66 = 5*d + d. Let k be 0/1*(d - 10). Suppose -5*w = -k*w - 125. What is the tens digit of w?
2
Let y = -1034 + 1448. Let i = y + -198. What is the tens digit of i?
1
Let d(n) = 15*n**2 + 23*n - 3. What is the tens digit of d(7)?
9
Suppose 3*p + 5 = 275. Suppose 7*w = 652 + p. What is the units digit of w?
6
Let r(b) = b**2 - 9*b + 84. What is the hundreds digit of r(24)?
4
Suppose 0 = -f + 163 - 20. Suppose 0 = 3*x - 2*q - f, 3*x - 3*q = -2*q + 139. Suppose 5 - x = -2*r. What is the units digit of r?
0
Let c = -40 - -73. Let s = 48 - c. Let v = -12 + s. What is the units digit of v?
3
Let l(m) = 73*m + 14. Let c be l(5). Let s = c + -186. What is the hundreds digit of s?
1
Suppose 18*h - 12*h = 66. Suppose d = 5*f - h, d + 4*d = -f + 23. What is the units digit of f?
3
Suppose 2223*d - 2207*d - 78064 = 0. What is the thousands digit of d?
4
Suppose -26*x = -27*x + 299. Suppose -3*z = -2*l + x, -607 = -4*l - 3*z - 0*z. What is the units digit of l?
1
Let g = -598 - -1348. What is the tens digit of 8/10*g/(-4 + 9)?
2
Let k(f) = f**2 + 3*f - 23. Let q be k(-6). What is the units digit of ((-2)/q)/(7/1435)?
2
Let g be 220/(-50) - (-4)/10. Let s = g + 65. What is the tens digit of s?
6
Let d(z) = 3*z - 1. Let c be d(2). Suppose -c = -4*x + 3. Suppose 0 = q - 5*g - 1, -g - 72 = -x*q - 5*g. What is the tens digit of q?
2
Suppose 5*s - 4*z = 8205, -4*s - 5*z + 6595 = -2*z. What is the tens digit of s?
4
Suppose 45*t - 74856 = 37194. What is the units digit of t?
0
Let r = -27 + 31. Suppose -17 = -r*i + 19. What is the units digit of i?
9
Let j = -97 - -34. Let r = j - -105. Suppose u = z - 36, u + 3*u = -2*z + r. What is the units digit of z?
1
Let d(g) = -10*g + 4046. What is the tens digit of d(0)?
4
Suppose 5*y - 578 = 2*g, 0 = 3*y + y + g - 465. Suppose -5*h = -h + 5*b - 450, 0 = h + 3*b - y. What is the tens digit of h?
1
Suppose 0*z = -3*z + 9. Suppose 0 = -z*h - 0 - 6, -2*x + 3*h + 14 = 0. Suppose 4 + x = r + 2*c, 0 = 5*r + 5*c - 40. What is the units digit of r?
8
Let w(q) be the third derivative of q**5/60 - q**4/12 - 7*q**3/3 - 19*q**2. What is the tens digit of w(8)?
3
Suppose j + 2 = -3*s + 2*s, 0 = -4*s - 8. Let b(g) = 10*g**2 + g. Let y be b(-2). Suppose -2*n + 4*v = 2*v - y, -v + 5 = j. What is the units digit of n?
4
Let z = 6684 - 3844. What is the tens digit of z?
4
Let d(j) = j - 3. Let w be d(10). Let f be (-6)/w - 1/7. Let o = f + 19. What is the units digit of o?
8
Suppose 2*c + 1 = w, 5*c + 5 = 3*w - 0*c. What is the units digit of w?
5
Let g be (-1*114)/(-2 + 1). Suppose 0*s - s = -3*n + g, -4*n + 142 = 2*s. What is the tens digit of n?
3
Suppose 184 = -0*b - 5*b - 4*f, 2*b - f + 84 = 0. What is the units digit of ((-4)/b*16)/(4/370)?
8
Let o = 410 + -72. Let r = o - 214. What is the tens digit of r?
2
Suppose 2*j - m = 4*m + 1374, 0 = 4*j - 3*m - 2720. What is the units digit of j?
7
Let s(y) = y**3 + 4*y**2 - 6*y - 3. Let q be s(-5). Suppose 4*h = 2*f + 20, 15 + 12 = 5*h - q*f. What is the units digit of h?
7
Let r(l) = 2*l**2 - 7*l + 5. Suppose -6*y + 3*y + 12 = 0. Suppose 0 = 4*w + k - 25 + 9, -2*k + 12 = y*w. What is the tens digit of r(w)?
2
Let k = -3 + 4. What is the tens digit of k*101 + 0/5?
0
Suppose 4*q - 7*o = -2*o, -3*q + o + 11 = 0. Suppose -g + 20 = -l, -g + 9*l = 4*l. Suppose -g = -q*b + 5. What is the units digit of b?
6
Let h be ((-44)/(-8))/((-2)/(-4)). Suppose -l - 14 = 4*z, l = -l + 5*z + h. What is the tens digit of (-92)/l + 0/7?
4
Suppose 10*u = 13*u - 786. Suppose 50 + u = 2*k. Suppose 5*d = 8*d - k. What is the units digit of d?
2
Suppose -4*o = -3*a + 181, -3*a - 5*o + 174 = -2*o. Let x = a + 75. What is the units digit of x?
4
Let k(m) = -15*m - 1. Let b be k(-1). Let j = b + -4. Let d = j - -1. What is the tens digit of d?
1
Let x(l) be the second derivative of 5*l**4/12 - l**3/2 + l**2/2 - 2*l. Let t be x(2). Let b = 25 - t. What is the tens digit of b?
1
Suppose 0 = -3*a, 4*d - 276 + 88 = 3*a. What is the tens digit of d?
4
Let m be (-125)/(-40) - -2*1/(-16). Let w = 25 + m. What is the tens digit of w?
2
Let a = -290 + 663. What is the tens digit of a?
7
Suppose 2*f - 4 = -2. Let j be f*(-1 + 0)*-2. Let c = 10 + j. What is the tens digit of c?
1
Let o = 405 + -366. What is the units digit of o?
9
Let y = 162 + -546. What is the units digit of (4 + y/20)/(2/(-5))?
8
Let i = 69 + -3. Suppose -b + i = -87. What is the hundr